{"id":4753,"date":"2025-07-16T20:56:40","date_gmt":"2025-07-16T18:56:40","guid":{"rendered":"https:\/\/fc-ans.be\/?page_id=4753"},"modified":"2026-03-16T17:43:16","modified_gmt":"2026-03-16T16:43:16","slug":"ecole-des-jeunes","status":"publish","type":"page","link":"https:\/\/fc-ans.be\/?page_id=4753","title":{"rendered":"Ecole des jeunes"},"content":{"rendered":"\n<figure class=\"wp-block-image aligncenter size-large\"><img loading=\"lazy\" decoding=\"async\" width=\"1024\" height=\"213\" src=\"https:\/\/fc-ans.be\/wp-content\/uploads\/2025\/07\/ENTETE-ACADEMY-01-1024x213.jpg\" alt=\"\" class=\"wp-image-4750\" srcset=\"https:\/\/fc-ans.be\/wp-content\/uploads\/2025\/07\/ENTETE-ACADEMY-01-1024x213.jpg 1024w, https:\/\/fc-ans.be\/wp-content\/uploads\/2025\/07\/ENTETE-ACADEMY-01-300x63.jpg 300w, https:\/\/fc-ans.be\/wp-content\/uploads\/2025\/07\/ENTETE-ACADEMY-01-768x160.jpg 768w, https:\/\/fc-ans.be\/wp-content\/uploads\/2025\/07\/ENTETE-ACADEMY-01-1536x320.jpg 1536w, https:\/\/fc-ans.be\/wp-content\/uploads\/2025\/07\/ENTETE-ACADEMY-01-128x27.jpg 128w, https:\/\/fc-ans.be\/wp-content\/uploads\/2025\/07\/ENTETE-ACADEMY-01-32x7.jpg 32w, https:\/\/fc-ans.be\/wp-content\/uploads\/2025\/07\/ENTETE-ACADEMY-01.jpg 1920w\" sizes=\"auto, (max-width: 1024px) 100vw, 1024px\" \/><\/figure>\n\n\n\n<p class=\"has-text-align-center has-vivid-cyan-blue-color has-text-color has-link-color has-x-large-font-size wp-elements-58109c187970f389e4f2a487cee6b69d\"><strong>Bienvenue dans notre<br>Ecole des jeunes du FC Ans<\/strong><\/p>\n\n\n<div ><style id=\"wp_carousel_dynamic_css4844\">#sp-wp-carousel-free-id-4844 .wpcp-swiper-dots {margin: 40px 0px 0px 0px;}.wpcp-wrapper-4844 .swiper-wrapper .swiper-slide-kenburn, .wpcp-wrapper-4844 .swiper-wrapper, .wpcp-wrapper-4844 .wpcpro-row{align-items: center;}#sp-wp-carousel-free-id-4844 .wpcp-single-item {box-shadow: 0px 0px 0px 0px #dddddd;transition: all .3s;margin: 0px;}#sp-wp-carousel-free-id-4844.swiper-flip .wpcp-single-item{margin: 0!important;}#sp-wp-carousel-free-id-4844 .wpcp-single-item:hover {box-shadow: 0px 0px 0px 0px #dddddd;}#sp-wp-carousel-free-id-4844.sp-wpcp-4844 .wpcp-single-item {border: 1px solid #dddddd;}#sp-wp-carousel-free-id-4844.sp-wpcp-4844 .swiper-button-prev,#sp-wp-carousel-free-id-4844.sp-wpcp-4844 .swiper-button-next,#sp-wp-carousel-free-id-4844.sp-wpcp-4844 .swiper-button-prev:hover,#sp-wp-carousel-free-id-4844.sp-wpcp-4844 .swiper-button-next:hover {background: none;border: none;font-size: 30px;}#sp-wp-carousel-free-id-4844.sp-wpcp-4844 .swiper-button-prev i,#sp-wp-carousel-free-id-4844.sp-wpcp-4844 .swiper-button-next i {color: #aaa;}#sp-wp-carousel-free-id-4844.sp-wpcp-4844 .swiper-button-prev i:hover,#sp-wp-carousel-free-id-4844.sp-wpcp-4844 .swiper-button-next i:hover {color: #178087;}#sp-wp-carousel-free-id-4844.sp-wpcp-4844 .wpcp-swiper-dots .swiper-pagination-bullet {background-color: #cccccc;}#sp-wp-carousel-free-id-4844.sp-wpcp-4844 .wpcp-swiper-dots .swiper-pagination-bullet.swiper-pagination-bullet-active {background-color: #178087;} #sp-wp-carousel-free-id-4844.sp-wpcp-4844.wpcp-image-carousel .wpcp-single-item:hover img, #sp-wp-carousel-free-id-4844.sp-wpcp-4844.wpcp-post-carousel .wpcp-single-item:hover img, #sp-wp-carousel-free-id-4844.sp-wpcp-4844.wpcp-product-carousel .wpcp-single-item:hover img{-webkit-transform: scale(1.2);-moz-transform: scale(1.2);transform: scale(1.2);}#sp-wp-carousel-free-id-4844 .wpcpro-row>[class*=\"wpcpro-col-\"] { padding: 0 10px; padding-bottom: 20px;} #sp-wp-carousel-free-id-4844 .swiper-slide .single-item-fade:not(:last-child) { margin-right: 20px;}@media (min-width: 480px) { .wpcpro-row .wpcpro-col-sm-1 { flex: 0 0 100%; max-width: 100%; } .wpcpro-row .wpcpro-col-sm-2 { flex: 0 0 50%; max-width: 50%; } .wpcpro-row .wpcpro-col-sm-2-5 { flex: 0 0 75%; max-width: 75%; } .wpcpro-row .wpcpro-col-sm-3 { flex: 0 0 33.333%; max-width: 33.333%; } .wpcpro-row .wpcpro-col-sm-4 { flex: 0 0 25%; max-width: 25%; } .wpcpro-row .wpcpro-col-sm-5 { flex: 0 0 20%; max-width: 20%; } .wpcpro-row .wpcpro-col-sm-6 { flex: 0 0 16.66666666666667%; max-width: 16.66666666666667%; } .wpcpro-row .wpcpro-col-sm-7 { flex: 0 0 14.28571428%; max-width: 14.28571428%; } .wpcpro-row .wpcpro-col-sm-8 { flex: 0 0 12.5%; max-width: 12.5%; } } @media (max-width: 480px) { .wpcpro-row .wpcpro-col-xs-1 { flex: 0 0 100%; max-width: 100%; } .wpcpro-row .wpcpro-col-xs-2 { flex: 0 0 50%; max-width: 50%; } .wpcpro-row .wpcpro-col-xs-3 { flex: 0 0 33.222%; max-width: 33.222%; } .wpcpro-row .wpcpro-col-xs-4 { flex: 0 0 25%; max-width: 25%; } .wpcpro-row .wpcpro-col-xs-5 { flex: 0 0 20%; max-width: 20%; } .wpcpro-row .wpcpro-col-xs-6 { flex: 0 0 16.6667%; max-width: 16.6667%; } .wpcpro-row .wpcpro-col-xs-7 { flex: 0 0 14.28571428%; max-width: 14.28571428%; } .wpcpro-row .wpcpro-col-xs-8 { flex: 0 0 12.5%; max-width: 12.5%; } } @media (min-width: 736px) { .wpcpro-row .wpcpro-col-md-1 { flex: 0 0 100%; max-width: 100%; } .wpcpro-row .wpcpro-col-md-2 { flex: 0 0 50%; max-width: 50%; } .wpcpro-row .wpcpro-col-md-2-5 { flex: 0 0 75%; max-width: 75%; } .wpcpro-row .wpcpro-col-md-3 { flex: 0 0 33.333%; max-width: 33.333%; } .wpcpro-row .wpcpro-col-md-4 { flex: 0 0 25%; max-width: 25%; } .wpcpro-row .wpcpro-col-md-5 { flex: 0 0 20%; max-width: 20%; } .wpcpro-row .wpcpro-col-md-6 { flex: 0 0 16.66666666666667%; max-width: 16.66666666666667%; } .wpcpro-row .wpcpro-col-md-7 { flex: 0 0 14.28571428%; max-width: 14.28571428%; } .wpcpro-row .wpcpro-col-md-8 { flex: 0 0 12.5%; max-width: 12.5%; } } @media (min-width: 980px) { .wpcpro-row .wpcpro-col-lg-1 { flex: 0 0 100%; max-width: 100%; } .wpcpro-row .wpcpro-col-lg-2 { flex: 0 0 50%; max-width: 50%; } .wpcpro-row .wpcpro-col-lg-3 { flex: 0 0 33.222%; max-width: 33.222%; } .wpcpro-row .wpcpro-col-lg-4 { flex: 0 0 25%; max-width: 25%; } .wpcpro-row .wpcpro-col-lg-5 { flex: 0 0 20%; max-width: 20%; } .wpcpro-row .wpcpro-col-lg-6 { flex: 0 0 16.6667%; max-width: 16.6667%; } .wpcpro-row .wpcpro-col-lg-7 { flex: 0 0 14.28571428%; max-width: 14.28571428%; } .wpcpro-row .wpcpro-col-lg-8 { flex: 0 0 12.5%; max-width: 12.5%; } } @media (min-width: 1200px) { .wpcpro-row .wpcpro-col-xl-1 { flex: 0 0 100%; max-width: 100%; } .wpcpro-row .wpcpro-col-xl-2 { flex: 0 0 50%; max-width: 50%; } .wpcpro-row .wpcpro-col-xl-3 { flex: 0 0 33.22222222%; max-width: 33.22222222%; } .wpcpro-row .wpcpro-col-xl-4 { flex: 0 0 25%; max-width: 25%; } .wpcpro-row .wpcpro-col-xl-5 { flex: 0 0 20%; max-width: 20%; } .wpcpro-row .wpcpro-col-xl-6 { flex: 0 0 16.66667%; max-width: 16.66667%; } .wpcpro-row .wpcpro-col-xl-7 { flex: 0 0 14.28571428%; max-width: 14.28571428%; } .wpcpro-row .wpcpro-col-xl-8 { flex: 0 0 12.5%; max-width: 12.5%; } }<\/style><div class=\"wpcp-carousel-wrapper wpcp-wrapper-4844\">\n\t<div id=\"wpcp-preloader-4844\" class=\"wpcp-carousel-preloader\"><img decoding=\"async\" src=\"https:\/\/fc-ans.be\/wp-content\/plugins\/wp-carousel-free\/public\/css\/spinner.svg\" alt=\"Preloader Image\" \/><\/div>\t<div class=\"wpcp-carousel-content-wrapper\">\n\t<div id=\"sp-wp-carousel-free-id-4844\" class=\"wpcp-carousel-section sp-wpcp-4844  nav-vertical-center wpcp-image-carousel wpcp-preloader wpcp-standard wpcp-center\" data-swiper='{ &quot;accessibility&quot;:true, &quot;spaceBetween&quot;:20, &quot;arrows&quot;:true, &quot;freeMode&quot;: false, &quot;autoplay&quot;:true, &quot;effect&quot;: &quot;slide&quot;, &quot;centerMode&quot;: true, &quot;autoplaySpeed&quot;:3000, &quot;dots&quot;:true, &quot;infinite&quot;:true, &quot;speed&quot;:550, &quot;pauseOnHover&quot;:true,\n\t\t\t&quot;slidesToShow&quot;:{&quot;lg_desktop&quot;:5, &quot;desktop&quot;: 4, &quot;laptop&quot;: 3, &quot;tablet&quot;: 2, &quot;mobile&quot;: 1}, &quot;responsive&quot;:{&quot;desktop&quot;:1200, &quot;laptop&quot;: 980, &quot;tablet&quot;: 736, &quot;mobile&quot;: 480}, &quot;rtl&quot;:false, &quot;lazyLoad&quot;: &quot;false&quot;, &quot;swipe&quot;: true, &quot;draggable&quot;: true, &quot;swipeToSlide&quot;:false }' dir=\"ltr\">\n\t\t<div class=\"swiper-wrapper\">\n\t\t<div class=\"swiper-slide\">\n\t<div class=\"wpcp-single-item\">\n\t\t\t<a class=\"wcp-light-box\" data-buttons='[\"close\"]' data-wpc_url='https:\/\/fc-ans.be\/wp-content\/uploads\/2025\/07\/wp-01.jpg' href=\"https:\/\/fc-ans.be\/wp-content\/uploads\/2025\/07\/wp-01.jpg\" data-fancybox=\"wpcp_view\">\n\t\t<figure>\n\t\t\t<img loading=\"lazy\" decoding=\"async\" class=\"skip-lazy\" src=\"https:\/\/fc-ans.be\/wp-content\/uploads\/2025\/07\/wp-01.jpg\" alt=\"wp-01\" width=\"900\" height=\"600\">\t\t<\/figure>\n\t<\/a>\n\t\t<\/div>\n<\/div>\n\t<div class=\"swiper-slide\">\n\t<div class=\"wpcp-single-item\">\n\t\t\t<a class=\"wcp-light-box\" data-buttons='[\"close\"]' data-wpc_url='https:\/\/fc-ans.be\/wp-content\/uploads\/2025\/07\/wp-02.jpg' href=\"https:\/\/fc-ans.be\/wp-content\/uploads\/2025\/07\/wp-02.jpg\" data-fancybox=\"wpcp_view\">\n\t\t<figure>\n\t\t\t<img loading=\"lazy\" decoding=\"async\" class=\"skip-lazy\" src=\"https:\/\/fc-ans.be\/wp-content\/uploads\/2025\/07\/wp-02.jpg\" alt=\"wp-02\" width=\"900\" height=\"600\">\t\t<\/figure>\n\t<\/a>\n\t\t<\/div>\n<\/div>\n\t\t\t<\/div>\n\t\t\t\t\t<div class=\"wpcp-swiper-dots swiper-pagination\"><\/div>\n\t\t\t\t<!-- If we need navigation buttons -->\n\t\t\t\t\t<div class=\"wpcp-prev-button swiper-button-prev\"><i class=\"fa fa-angle-left\"><\/i><\/div>\n\t\t\t<div class=\"wpcp-next-button swiper-button-next\"><i class=\"fa fa-angle-right\"><\/i><\/div>\n\t\t\t<\/div>\n\t<\/div>\n<\/div>\n<\/div>\n\n\n<div class=\"wp-block-media-text is-stacked-on-mobile is-image-fill-element\" style=\"grid-template-columns:15% auto\"><figure class=\"wp-block-media-text__media\"><a href=\"https:\/\/fc-ans.be\/?page_id=4776\"><img loading=\"lazy\" decoding=\"async\" width=\"386\" height=\"516\" src=\"https:\/\/fc-ans.be\/wp-content\/uploads\/2025\/08\/player-06.jpg\" alt=\"\" class=\"wp-image-5209 size-full\" style=\"object-position:50% 50%\" srcset=\"https:\/\/fc-ans.be\/wp-content\/uploads\/2025\/08\/player-06.jpg 386w, https:\/\/fc-ans.be\/wp-content\/uploads\/2025\/08\/player-06-224x300.jpg 224w, https:\/\/fc-ans.be\/wp-content\/uploads\/2025\/08\/player-06-96x128.jpg 96w, https:\/\/fc-ans.be\/wp-content\/uploads\/2025\/08\/player-06-24x32.jpg 24w\" sizes=\"auto, (max-width: 386px) 100vw, 386px\" \/><\/a><\/figure><div class=\"wp-block-media-text__content\">\n<p class=\"has-accent-color has-text-color has-link-color has-large-font-size wp-elements-f95c819b0ffe78e2145493cb9a7ebddc\"><strong>Formulaire d&rsquo;inscription au stage Avril 2026 <\/strong><\/p>\n\n\n\n<p><a href=\"https:\/\/fc-ans.be\/?page_id=4839\">Cliquez ici pour acc\u00e9der au formulaire d&rsquo;inscription<\/a> au stage organis\u00e9 du 27 au 30 avril 2026 par la FC Ans Academy.<\/p>\n<\/div><\/div>\n\n\n\n<div class=\"wp-block-media-text is-stacked-on-mobile is-image-fill-element\" style=\"grid-template-columns:15% auto\"><figure class=\"wp-block-media-text__media\"><a href=\"https:\/\/fc-ans.be\/?page_id=4776\"><img loading=\"lazy\" decoding=\"async\" width=\"252\" height=\"516\" src=\"https:\/\/fc-ans.be\/wp-content\/uploads\/2025\/08\/player-03.jpg\" alt=\"\" class=\"wp-image-5203 size-full\" style=\"object-position:68% 0%\" srcset=\"https:\/\/fc-ans.be\/wp-content\/uploads\/2025\/08\/player-03.jpg 252w, https:\/\/fc-ans.be\/wp-content\/uploads\/2025\/08\/player-03-147x300.jpg 147w, https:\/\/fc-ans.be\/wp-content\/uploads\/2025\/08\/player-03-63x128.jpg 63w, https:\/\/fc-ans.be\/wp-content\/uploads\/2025\/08\/player-03-16x32.jpg 16w\" sizes=\"auto, (max-width: 252px) 100vw, 252px\" \/><\/a><\/figure><div class=\"wp-block-media-text__content\">\n<p class=\"has-accent-color has-text-color has-link-color has-large-font-size wp-elements-c7eacbc6844e1b07836692e0bed0c51b\"><strong>Formulaire pour vous inscrire \u00e0 la FC Ans Academy<\/strong><\/p>\n\n\n\n<p>Vous d\u00e9sirez rejoindre notre \u00e9cole des jeunes ?<br>Alors <a href=\"https:\/\/fc-ans.be\/?page_id=4776\u2197\">remplissez le formulaire<\/a> et nous prendrons contact avec vous pour vous donner toutes les informations n\u00e9cessaires.<\/p>\n<\/div><\/div>\n\n\n\n<div class=\"wp-block-media-text is-stacked-on-mobile is-image-fill-element\" style=\"grid-template-columns:15% auto\"><figure class=\"wp-block-media-text__media\"><a href=\"https:\/\/fc-ans.be\/?page_id=4776\"><img loading=\"lazy\" decoding=\"async\" width=\"264\" height=\"516\" src=\"https:\/\/fc-ans.be\/wp-content\/uploads\/2025\/08\/player-08.jpg\" alt=\"\" class=\"wp-image-5213 size-full\" style=\"object-position:48% 8%\" srcset=\"https:\/\/fc-ans.be\/wp-content\/uploads\/2025\/08\/player-08.jpg 264w, https:\/\/fc-ans.be\/wp-content\/uploads\/2025\/08\/player-08-153x300.jpg 153w, https:\/\/fc-ans.be\/wp-content\/uploads\/2025\/08\/player-08-65x128.jpg 65w, https:\/\/fc-ans.be\/wp-content\/uploads\/2025\/08\/player-08-16x32.jpg 16w\" sizes=\"auto, (max-width: 264px) 100vw, 264px\" \/><\/a><\/figure><div class=\"wp-block-media-text__content\">\n<p class=\"has-accent-color has-text-color has-link-color has-large-font-size wp-elements-94702abddc38997e762957d61fe43521\"><strong>FC ANS ACADEMY : Planning des entra\u00eenements 2025\/2026<\/strong><\/p>\n\n\n\n<p>Le planning des entra\u00eenements est disponible <a href=\"https:\/\/fc-ans.be\/wp-content\/uploads\/2025\/08\/Planning-des-entrainements-25-26.pdf\" target=\"_blank\" rel=\"noreferrer noopener\">ici en t\u00e9l\u00e9chargeant ce fichier pdf<\/a>.<\/p>\n<\/div><\/div>\n\n\n\n<div class=\"wp-block-media-text is-stacked-on-mobile is-image-fill-element\" style=\"grid-template-columns:15% auto\"><figure class=\"wp-block-media-text__media\"><img loading=\"lazy\" decoding=\"async\" width=\"324\" height=\"516\" src=\"https:\/\/fc-ans.be\/wp-content\/uploads\/2025\/08\/player-04.jpg\" alt=\"\" class=\"wp-image-5205 size-full\" style=\"object-position:59% 10%\" srcset=\"https:\/\/fc-ans.be\/wp-content\/uploads\/2025\/08\/player-04.jpg 324w, https:\/\/fc-ans.be\/wp-content\/uploads\/2025\/08\/player-04-188x300.jpg 188w, https:\/\/fc-ans.be\/wp-content\/uploads\/2025\/08\/player-04-80x128.jpg 80w, https:\/\/fc-ans.be\/wp-content\/uploads\/2025\/08\/player-04-20x32.jpg 20w\" sizes=\"auto, (max-width: 324px) 100vw, 324px\" \/><\/figure><div class=\"wp-block-media-text__content\">\n<p class=\"has-accent-color has-text-color has-link-color has-large-font-size wp-elements-c23ab233862638eb740090298f7dc108\"><strong>Notre vision<\/strong><\/p>\n\n\n\n<p>Notre club est d\u00e9termin\u00e9 \u00e0 s\u2019\u00e9tablir comme une r\u00e9f\u00e9rence de la r\u00e9gion li\u00e9geoise en assurant un d\u00e9veloppement optimal de ses membres dans un cadre de qualit\u00e9. Nous avons obtenu le label 3 \u00e9toiles de l&rsquo;ACFF et notre ambition est de proposer une formation et un encadrement permettant d\u2019atteindre un niveau d&rsquo;excellence toujours plus \u00e9lev\u00e9. Le d\u00e9fi est grand, mais stimulant !<\/p>\n<\/div><\/div>\n\n\n\n<div class=\"wp-block-media-text is-stacked-on-mobile\" style=\"grid-template-columns:15% auto\"><figure class=\"wp-block-media-text__media\"><img loading=\"lazy\" decoding=\"async\" width=\"345\" height=\"516\" src=\"https:\/\/fc-ans.be\/wp-content\/uploads\/2025\/08\/player-05.jpg\" alt=\"\" class=\"wp-image-5208 size-full\" srcset=\"https:\/\/fc-ans.be\/wp-content\/uploads\/2025\/08\/player-05.jpg 345w, https:\/\/fc-ans.be\/wp-content\/uploads\/2025\/08\/player-05-201x300.jpg 201w, https:\/\/fc-ans.be\/wp-content\/uploads\/2025\/08\/player-05-86x128.jpg 86w, https:\/\/fc-ans.be\/wp-content\/uploads\/2025\/08\/player-05-21x32.jpg 21w\" sizes=\"auto, (max-width: 345px) 100vw, 345px\" \/><\/figure><div class=\"wp-block-media-text__content\">\n<p class=\"has-accent-color has-text-color has-link-color has-large-font-size wp-elements-cbd2684a18f154a98e4150ec9ab57610\"><strong>Notre mission<\/strong><\/p>\n\n\n\n<p>Promouvoir la pratique du football en offrant \u00e0 tous nos membres un environnement et des conditions favorables afin qu\u2019ils vivent une exp\u00e9rience valorisante et qu\u2019ils atteignent leur plein potentiel.<\/p>\n<\/div><\/div>\n\n\n\n<div class=\"wp-block-media-text is-stacked-on-mobile\" style=\"grid-template-columns:15% auto\"><figure class=\"wp-block-media-text__media\"><a href=\"https:\/\/fc-ans.be\/wp-content\/uploads\/2025\/08\/ROI2025.pdf\" target=\"_blank\" rel=\" noreferrer noopener\"><img loading=\"lazy\" decoding=\"async\" width=\"386\" height=\"516\" src=\"https:\/\/fc-ans.be\/wp-content\/uploads\/2025\/08\/player-06.jpg\" alt=\"\" class=\"wp-image-5209 size-full\" srcset=\"https:\/\/fc-ans.be\/wp-content\/uploads\/2025\/08\/player-06.jpg 386w, https:\/\/fc-ans.be\/wp-content\/uploads\/2025\/08\/player-06-224x300.jpg 224w, https:\/\/fc-ans.be\/wp-content\/uploads\/2025\/08\/player-06-96x128.jpg 96w, https:\/\/fc-ans.be\/wp-content\/uploads\/2025\/08\/player-06-24x32.jpg 24w\" sizes=\"auto, (max-width: 386px) 100vw, 386px\" \/><\/a><\/figure><div class=\"wp-block-media-text__content\">\n<p class=\"has-accent-color has-text-color has-link-color has-large-font-size wp-elements-e54cdb460abbb6674949b3e778731d43\"><strong>Le R\u00e8glement d&rsquo;ordre int\u00e9rieur<\/strong><\/p>\n\n\n\n<p>Le respect des membres c\u2019est bien, mais le respect entre tous les membres c\u2019est mieux et c\u2019est ce que la FC Ans Academy souhaite. Le respect c\u2019est large et habituellement, plus on en donne plus on en re\u00e7oit. \u00catre respectueux dans toutes nos actions, avec tous nos partenaires et nos adversaires. Dans une association sportive comme la n\u00f4tre, o\u00f9 chacun est libre de s\u2019inscrire ou non, la notion de respect prend encore plus de signification.<br>Toutes les actions mises en \u0153uvre n\u00e9cessitent investissement, abn\u00e9gation et patience et&#8230; le club a besoin de tous ses licenci\u00e9s ainsi que des parents pour y parvenir. <a href=\"https:\/\/fc-ans.be\/wp-content\/uploads\/2025\/08\/ROI2025.pdf\" target=\"_blank\" rel=\"noreferrer noopener\">T\u00e9l\u00e9charger le le R\u00e8glement d&rsquo;int\u00e9rieur 2025<\/a> (pdf)<\/p>\n<\/div><\/div>\n\n\n\n<div class=\"wp-block-media-text is-stacked-on-mobile is-image-fill-element\" style=\"grid-template-columns:15% auto\"><figure class=\"wp-block-media-text__media\"><img loading=\"lazy\" decoding=\"async\" width=\"311\" height=\"516\" src=\"https:\/\/fc-ans.be\/wp-content\/uploads\/2025\/08\/player-07.jpg\" alt=\"\" class=\"wp-image-5210 size-full\" style=\"object-position:39% 0%\" srcset=\"https:\/\/fc-ans.be\/wp-content\/uploads\/2025\/08\/player-07.jpg 311w, https:\/\/fc-ans.be\/wp-content\/uploads\/2025\/08\/player-07-181x300.jpg 181w, https:\/\/fc-ans.be\/wp-content\/uploads\/2025\/08\/player-07-77x128.jpg 77w, https:\/\/fc-ans.be\/wp-content\/uploads\/2025\/08\/player-07-19x32.jpg 19w\" sizes=\"auto, (max-width: 311px) 100vw, 311px\" \/><\/figure><div class=\"wp-block-media-text__content\">\n<p class=\"has-accent-color has-text-color has-link-color has-large-font-size wp-elements-90ce8220e261532717b053609f9d1d15\"><strong>L&rsquo;organigramme<\/strong><\/p>\n\n\n\n<p>Notre organigramme d\u00e9taille la structure organisationnelle du club, sp\u00e9cifiant les r\u00f4les et responsabilit\u00e9s de chaque membre, de la Direction aux \u00e9quipes sportives, techniques, et administratives. Il permet une meilleure communication, une prise de d\u00e9cision efficace et une gestion optimis\u00e9e des activit\u00e9s<\/p>\n<\/div><\/div>\n\n\n\n<p><\/p>\n","protected":false},"excerpt":{"rendered":"<p>Bienvenue dans notreEcole des jeunes du FC Ans Formulaire d&rsquo;inscription au stage Avril 2026 Cliquez ici pour acc\u00e9der au formulaire d&rsquo;inscription au stage organis\u00e9 du 27 au 30 avril 2026 par la FC Ans Academy. Formulaire pour vous inscrire \u00e0 la FC Ans Academy Vous d\u00e9sirez rejoindre notre \u00e9cole des jeunes ?Alors remplissez le formulaire [&hellip;]<\/p>\n","protected":false},"author":1,"featured_media":0,"parent":0,"menu_order":0,"comment_status":"closed","ping_status":"closed","template":"full-width","meta":{"footnotes":""},"class_list":["post-4753","page","type-page","status-publish","hentry"],"_links":{"self":[{"href":"https:\/\/fc-ans.be\/index.php?rest_route=\/wp\/v2\/pages\/4753","targetHints":{"allow":["GET"]}}],"collection":[{"href":"https:\/\/fc-ans.be\/index.php?rest_route=\/wp\/v2\/pages"}],"about":[{"href":"https:\/\/fc-ans.be\/index.php?rest_route=\/wp\/v2\/types\/page"}],"author":[{"embeddable":true,"href":"https:\/\/fc-ans.be\/index.php?rest_route=\/wp\/v2\/users\/1"}],"replies":[{"embeddable":true,"href":"https:\/\/fc-ans.be\/index.php?rest_route=%2Fwp%2Fv2%2Fcomments&post=4753"}],"version-history":[{"count":33,"href":"https:\/\/fc-ans.be\/index.php?rest_route=\/wp\/v2\/pages\/4753\/revisions"}],"predecessor-version":[{"id":5852,"href":"https:\/\/fc-ans.be\/index.php?rest_route=\/wp\/v2\/pages\/4753\/revisions\/5852"}],"wp:attachment":[{"href":"https:\/\/fc-ans.be\/index.php?rest_route=%2Fwp%2Fv2%2Fmedia&parent=4753"}],"curies":[{"name":"wp","href":"https:\/\/api.w.org\/{rel}","templated":true}]}}